 2717 divide 839800247?
True
Does 850 divide 327346050?
True
Does 2041 divide 784722712?
False
Is 10 a factor of 127016926?
False
Is 98065618 a multiple of 541?
False
Does 217 divide 301282829?
False
Does 81 divide 489134295?
True
Is 14997064 a multiple of 37?
False
Is 73 a factor of 156620658?
False
Is 308 a factor of 335594028?
True
Is 32 a factor of 32034959?
False
Is 7972960 a multiple of 4408?
False
Is 4 a factor of 454213018?
False
Is 4267 a factor of 937071516?
False
Is 2 a factor of 4493630?
True
Is 42 a factor of 192104431?
False
Is 13 a factor of 93225938?
True
Is 21659726 a multiple of 902?
True
Is 569 a factor of 167411180?
True
Does 98 divide 738309558?
True
Does 3600 divide 280461795?
False
Is 9 a factor of 35538921?
True
Does 11 divide 4667520?
True
Is 1920703356 a multiple of 18?
True
Does 5 divide 918120?
True
Is 194004660 a multiple of 213?
True
Is 463 a factor of 1440091103?
False
Is 34048858 a multiple of 1090?
False
Is 19 a factor of 249907748?
False
Is 34281675 a multiple of 5?
True
Is 1000 a factor of 25755676?
False
Is 14 a factor of 61474448?
True
Is 24208730 a multiple of 130?
True
Does 8848 divide 86099888?
True
Is 149 a factor of 250160421?
True
Does 2914 divide 169409171?
False
Is 232741174 a multiple of 3362?
True
Is 789 a factor of 4372716111?
True
Is 129040670 a multiple of 62?
False
Is 263315608 a multiple of 1198?
True
Does 62 divide 13359777?
False
Is 51964887 a multiple of 3163?
False
Is 21814725 a multiple of 2331?
False
Is 160 a factor of 33697456?
False
Is 136604 a multiple of 26?
True
Is 2469654 a multiple of 6?
True
Is 494 a factor of 973684325?
False
Is 304180722 a multiple of 369?
True
Is 248 a factor of 1591430064?
False
Is 130166407 a multiple of 4867?
False
Is 93887104 a multiple of 4706?
False
Is 317 a factor of 13628015?
False
Does 289 divide 5440501?
False
Does 234 divide 186037488?
True
Does 1477 divide 7438854?
False
Does 7022 divide 396419284?
False
Does 1564 divide 64211858?
False
Is 2518971793 a multiple of 60?
False
Is 2576172396 a multiple of 1673?
True
Does 54 divide 23147370?
True
Does 1264 divide 49653794?
False
Is 19295514 a multiple of 1179?
True
Is 20192160 a multiple of 368?
True
Does 152 divide 774396687?
False
Is 8041296 a multiple of 1438?
True
Is 74 a factor of 1145464648?
True
Does 873 divide 159782144?
False
Does 429 divide 205326693?
True
Is 22 a factor of 65164081?
False
Is 189318175 a multiple of 115?
True
Is 14510343 a multiple of 103?
False
Does 17 divide 241284060?
True
Does 4 divide 7816235?
False
Does 4700 divide 1903053500?
True
Is 5353850375 a multiple of 25?
True
Is 50 a factor of 9607802?
False
Is 386 a factor of 116370487?
False
Is 195 a factor of 1562861235?
True
Is 120678793 a multiple of 17?
False
Does 194 divide 50960337?
False
Is 103 a factor of 40747109?
True
Does 548 divide 222523072?
True
Is 3574 a factor of 550333915?
False
Does 1531 divide 375095?
True
Is 12097251 a multiple of 13?
False
Is 5900379 a multiple of 144?
False
Does 97 divide 9939912?
False
Is 11806223 a multiple of 13?
True
Is 167 a factor of 2408612276?
True
Is 298 a factor of 236532434?
True
Is 41 a factor of 6470415?
True
Is 24265411 a multiple of 36?
False
Does 42 divide 55997676?
True
Does 277 divide 1756001335?
True
Is 104356987 a multiple of 373?
False
Is 47 a factor of 1899787?
True
Is 491 a factor of 279542922?
False
Is 43 a factor of 21930731?
True
Is 129 a factor of 10213632?
False
Does 7 divide 11979989?
True
Is 45314312 a multiple of 2263?
True
Does 15 divide 3200792880?
True
Does 49 divide 2674183245?
False
Is 141044904 a multiple of 7?
True
Does 1331 divide 65455793?
False
Is 243155701 a multiple of 2531?
True
Is 7102256 a multiple of 95?
False
Is 560 a factor of 43873868?
False
Is 70 a factor of 240096290?
True
Does 1834 divide 69621164?
False
Is 591 a factor of 267446088?
False
Does 195 divide 2122830?
False
Is 25 a factor of 313781170?
False
Is 18058895 a multiple of 8?
False
Does 79 divide 3589207?
True
Does 15 divide 277607788?
False
Does 53 divide 825529219?
True
Is 1496 a factor of 197038160?
True
Is 114528370 a multiple of 55?
True
Is 91 a factor of 82658959?
False
Does 413 divide 5162088?
False
Is 3364753 a multiple of 206?
False
Is 3436736 a multiple of 567?
False
Is 145135865 a multiple of 35?
True
Does 276 divide 203509428?
True
Is 109 a factor of 109273372?
True
Is 149 a factor of 30683272?
True
Does 2547 divide 613921239?
True
Is 2 a factor of 87166?
True
Does 116 divide 1481425676?
True
Does 10 divide 457256190?
True
Is 268 a factor of 4582800?
True
Is 21 a factor of 1255732569?
True
Is 42116910 a multiple of 15?
True
Is 135 a factor of 404050134?
False
Is 7 a factor of 212095366?
True
Is 1224 a factor of 1652400?
True
Is 1196133900 a multiple of 67?
False
Is 108621440 a multiple of 10?
True
Is 95000046 a multiple of 102?
True
Is 2344623843 a multiple of 376?
False
Is 35 a factor of 3613376340?
True
Is 43645670 a multiple of 149?
False
Does 5 divide 5743796?
False
Does 1747 divide 50074310?
False
Is 73962465 a multiple of 15?
True
Is 225101865 a multiple of 582?
False
Is 434189745 a multiple of 121?
True
Is 46158435 a multiple of 32?
False
Does 67 divide 250974950?
False
Does 48 divide 183026880?
True
Is 12 a factor of 5292418?
False
Is 123762246 a multiple of 1382?
True
Is 365546957 a multiple of 1013?
False
Is 1974 a factor of 45555972?
True
Is 2191284786 a multiple of 234?
False
Does 141 divide 65803332?
False
Does 519 divide 108271185?
True
Is 408 a factor of 122619504?
True
Is 15 a factor of 370305399?
False
Is 69 a factor of 4635497487?
True
Is 1468 a factor of 70171868?
True
Does 10 divide 253176610?
True
Is 1235327911 a multiple of 108?
False
Is 532970304 a multiple of 170?
False
Does 14 divide 46554088?
True
Is 1520696255 a multiple of 42?
False
Is 422633296 a multiple of 329?
False
Is 36 a factor of 249007201?
False
Does 36 divide 18377249?
False
Is 54022828 a multiple of 524?
True
Does 27 divide 209040249?
False
Does 256 divide 143814375?
False
Is 117 a factor of 224988309?
True
Is 232 a factor of 79904744?
True
Does 22 divide 110698847?
False
Is 18128128 a multiple of 80?
False
Is 44765425 a multiple of 25?
True
Does 10 divide 4639210?
True
Does 68 divide 287694857?
False
Does 421 divide 25025028?
False
Is 778 a factor of 828063522?
True
Is 251 a factor of 68262211?
True
Is 4 a factor of 1428844?
True
Is 4817 a factor of 1329247341?
False
Does 1101 divide 239138597?
False
Is 504164408 a multiple of 2536?
True
Does 453 divide 99544809?
False
Is 502 a factor of 3979129?
False
Does 11 divide 10478507?
False
Does 105 divide 8366505?
True
Is 1193 a factor of 9866318?
False
Is 5 a factor of 46354512?
False
Is 1999978800 a multiple of 7153?
True
Does 2360 divide 21877200?
True
Is 1467 a factor of 958257733?
False
Is 227109381 even?
False
Is 213012994 a multiple of 963?
False
Is 94368416 a multiple of 7?
False
Is 13 a factor of 944020?
False
Does 581 divide 1000680121?
True
Does 295 divide 6262850?
True
Does 214 divide 1409382573?
False
Does 823 divide 379452380?
True
Does 1067 divide 7284409?
True
Is 138 a factor of 732443319?
False
Does 46 divide 94627842?
True
Is 14 a factor of 1313482675?
False
Does 7 divide 5546646?
True
Is 3 a factor of 18599575?
False
Is 203443132 a multiple of 323?
False
Is 11 a factor of 160347?
True
Is 768320305 a multiple of 5?
True
Does 30 divide 428898120?
True
Is 9692145 a multiple of 10?
False
Does 31 divide 34415655?
False
Is 122 a factor of 10082371?
False
Is 2346530058 a multiple of 31?
True
Is 5 a factor of 18377240?
True
Does 1088 divide 140510848?
True
Is 3211303520 a multiple of 10?
True
Does 3 divide 170734812?
True
Is 41 a factor of 3435865518?
True
Is 7 a factor of 10488369?
False
Is 22 a factor of 761672868?
True
Is 409 a factor of 52587993?
True
Is 24 a factor of 6043822?
False
Does 7 divide 22028311?
False
Does 13 divide 2349247327?
False
Does 12 divide 3527979735?
False
Is 174 a factor of 35254984?
False
Is 239986578 a multiple of 270?
False
Is 76335435 a multiple of 495?
True
Is 1995234224 a multiple of 17?
False
Does 8047 divide 2349665415?
False
Is 468 a factor of 18105961?
False
Is 679516609 a multiple of 3435?
False
Is 22323176 a multiple of 424?
True
Does 1552 divide 216580048?
True
Does 133 divide 27